 - 262. Determine f(6).
-22
Let w(c) = -c**3 - 12*c**2 - 80*c - 1186. What is w(-14)?
326
Let m(c) = -57*c**3 + 5*c - 6. Determine m(1).
-58
Let q(k) = -k**2 + 39*k - 327. What is q(12)?
-3
Let j(x) = 270*x**2 + 537*x - 15. Give j(-2).
-9
Let k(s) = -52*s - 711. Calculate k(-4).
-503
Let i(a) = -a**2 - 21*a + 491. Determine i(-36).
-49
Let s(y) = 10*y**2 - 27*y + 37. Calculate s(2).
23
Let j(s) = s**3 + 3*s**2 + 4*s - 3. Determine j(-2).
-7
Let j(r) = -10*r - 24. Determine j(-3).
6
Let o(s) = -s**3 - 27*s**2 + 73*s + 154. Give o(-29).
-281
Let f(c) = 6*c**2 - 51*c - 95. What is f(10)?
-5
Let t(y) = -y**3 + 30*y**2 + 37*y - 60. What is t(31)?
126
Let a(y) = y**3 - 9*y**2 + y + 2. What is a(9)?
11
Let t(r) = -69*r - 569. What is t(-8)?
-17
Let m(x) = 74*x + 6. Give m(-2).
-142
Let l(i) = -1519*i - 10631. Give l(-7).
2
Let o(j) = -68*j + 1005. What is o(15)?
-15
Let b(y) = 12*y - 1902. Determine b(159).
6
Let h(k) = -k**2 - 103*k + 314. Give h(3).
-4
Let m(f) = 104*f + 222. Calculate m(-4).
-194
Let t(l) = 5686*l - 113709. Calculate t(20).
11
Let o(i) = i**2 + 8*i - 496. Calculate o(-27).
17
Let n(b) = -1324*b - 9321. Give n(-7).
-53
Let j(o) = o**3 + 11*o**2 - 16*o - 11. What is j(-12)?
37
Let r(t) = 1393*t + 71042. Give r(-51).
-1
Let t(j) = 34*j + 309. Calculate t(-8).
37
Let o(n) = 25*n**3 - 1179*n**2 + 190*n - 94. What is o(47)?
0
Let n(p) = 2037*p - 24437. Give n(12).
7
Let m(h) = 8*h**2 - 318*h + 2515. What is m(29)?
21
Let m(b) = 157*b - 30321. Calculate m(193).
-20
Let u(z) = 2*z**3 - 32*z**2 - 2*z + 38. What is u(16)?
6
Let a(h) = h**2 + 90*h - 1924. Determine a(18).
20
Let h(t) = 9*t**2 + 97*t - 21. What is h(-12)?
111
Let x(a) = a**3 - 18*a + 30. Calculate x(-5).
-5
Let i(v) = -3*v**3 + 3*v + 6. What is i(0)?
6
Let d(c) = -c**3 - 5*c**2 + 10*c + 9. Determine d(-6).
-15
Let w(d) = -38*d + 92. What is w(-1)?
130
Let v(r) = r**3 + 47*r**2 + 55*r + 442. Give v(-46).
28
Let i(b) = 924*b + 20258. Give i(-22).
-70
Let l(q) = 5*q - 308. Determine l(17).
-223
Let n(f) = 2*f**3 - 15*f**2 + 54*f - 427. Give n(7).
-98
Let n(m) = 17*m + 258. Give n(-16).
-14
Let k(o) = -2*o**2 + 50*o - 226. Give k(18).
26
Let s(d) = d**3 + 28*d**2 - 214*d - 1621. Calculate s(-33).
-4
Let p(l) = 100*l**2 - 128*l + 250. Give p(2).
394
Let t(y) = -y**3 - 3*y**2 + 47*y + 13. What is t(-11)?
464
Let g(a) = -370*a - 38857. What is g(-105)?
-7
Let k(o) = -19*o**2 + 30*o - 112. Calculate k(5).
-437
Let j(i) = 2*i**3 - 2*i**2 + 72*i - 71. Give j(1).
1
Let n(f) = -3*f**2 - 46*f + 1602. Calculate n(-33).
-147
Let s(x) = 3*x**3 + 131*x**2 + 68*x + 4969. Calculate s(-44).
41
Let y(t) = -t**3 - 37*t**2 - 66*t + 65. Determine y(-35).
-75
Let q(v) = -v**3 + 12*v**2 + 82*v - 713. Give q(14).
43
Let h(x) = -10*x - 266. What is h(-25)?
-16
Let t(d) = -2*d**3 + 14*d**2 - 53*d + 566. What is t(8)?
14
Let j(f) = -37*f**2 - 237*f - 117. Calculate j(-6).
-27
Let n(f) = 5*f + 164. What is n(-22)?
54
Let v(a) = 671*a - 5366. Determine v(8).
2
Let a(o) = 13*o**2 - 38*o + 30. Give a(2).
6
Let i(n) = -n**3 + 4*n**2 - 2*n + 29. Calculate i(5).
-6
Let d(t) = -2*t**3 + 372*t**2 + 376*t - 377. Give d(187).
-3
Let v(a) = 5*a**2 + 8*a - 361. Determine v(8).
23
Let r(j) = 4*j**2 + 9*j + 32. Give r(-7).
165
Let l(u) = 93*u - 7371. What is l(78)?
-117
Let j(c) = 4*c**2 - 179*c + 114. What is j(44)?
-18
Let l(m) = -22*m**2 + 21*m - 65. What is l(6)?
-731
Let t(c) = -c**3 - 62*c**2 - 484*c - 51. Give t(-9).
12
Let x(r) = -713*r + 6453. Calculate x(9).
36
Let w(q) = q**2 + 50*q + 622. What is w(-24)?
-2
Let w(l) = 15*l**2 - 3646*l + 257. Determine w(243).
14
Let z(m) = 28*m + 292. What is z(-10)?
12
Let u(n) = -9*n**2 - 332*n - 1190. Determine u(-4).
-6
Let v(b) = -b**2 - 8*b + 439. What is v(-18)?
259
Let r(f) = f**2 + 29*f + 35. Give r(-19).
-155
Let c(x) = -4*x**2 + 60*x + 807. Calculate c(-9).
-57
Let w(y) = y**2 - 48*y - 1304. What is w(-20)?
56
Let n(c) = -c**3 - 18*c**2 - 34*c + 29. Determine n(-15).
-136
Let t(z) = -z**3 + 65*z**2 + 11*z - 712. Give t(65).
3
Let v(w) = w**3 + 79*w**2 - 5*w - 9. Give v(0).
-9
Let q(w) = -96*w - 887. What is q(-12)?
265
Let m(i) = 337*i + 2352. Determine m(-7).
-7
Let j(p) = 4*p**2 + 413*p - 273. Determine j(-104).
39
Let x(v) = 9*v**3 + 3*v**2 - 5. Determine x(-2).
-65
Let y(x) = -11*x - 75. Calculate y(-62).
607
Let d(k) = 136*k - 1238. Determine d(10).
122
Let h(f) = -19021*f + 38023. Determine h(2).
-19
Let h(m) = -116*m - 346. Give h(-3).
2
Let j(l) = -5*l - 134. What is j(-7)?
-99
Let d(y) = 191*y + 8405. Give d(-44).
1
Let g(i) = -52*i - 110. Give g(-4).
98
Let l(s) = 21*s - 141. What is l(4)?
-57
Let r(y) = -y**3 - 13*y**2 - 25*y + 45. What is r(-12)?
201
Let h(a) = 30*a - 33. Determine h(9).
237
Let m(x) = -7*x**3 - 163*x**2 - 47*x - 26. Give m(-23).
-3
Let u(w) = -28*w - 894. What is u(-32)?
2
Let r(l) = -27*l - 76. Determine r(3).
-157
Let g(n) = 90*n + 774. Calculate g(-9).
-36
Let f(a) = -180*a**2 - 36181*a - 192. Give f(-201).
9
Let h(z) = -3*z - 20. What is h(-17)?
31
Let l(h) = -h**3 + 19*h**2 + 14*h - 55. Calculate l(18).
521
Let l(z) = z**2 + z + 69. Determine l(-11).
179
Let h(r) = -48*r - 318. What is h(3)?
-462
Let x(a) = -a**2 - 21*a. What is x(-12)?
108
Let l(v) = -26*v + 43. Determine l(6).
-113
Let o(k) = -16*k + 911. Give o(58).
-17
Let v(w) = 2*w**3 - 25*w**2 + 14*w - 17. Calculate v(12).
7
Let t(v) = -3*v**3 - 125*v**2 - 78*v + 177. Calculate t(-41).
13
Let v(d) = d**3 - 4*d**2 + 129*d - 671. Give v(5).
-1
Let s(d) = 6*d**2 + 44*d + 37. What is s(-6)?
-11
Let d(z) = z**3 - 21*z**2 - 38*z + 350. Determine d(22).
-2
Let c(o) = o**3 + 6*o**2 - 47*o - 166. Calculate c(-9).
14
Let s(f) = 4*f**3 - 12*f**2 + 2*f - 81. Calculate s(7).
717
Let v(f) = -268*f - 1359. Calculate v(-5).
-19
Let u(d) = d**2 + 475*d - 3386. What is u(7)?
-12
Let a(n) = 709*n + 2084. Calculate a(-3).
-43
Let b(k) = -8*k**2 + 2*k + 22. What is b(4)?
-98
Let u(a) = -69*a - 245. What is u(-4)?
31
Let y(f) = -4*f + 70. Give y(11).
26
Let t(u) = 2*u**2 - 35*u - 662. Determine t(29).
5
Let n(o) = -36*o**2 - 37*o + 3. What is n(-2)?
-67
Let r(n) = n**3 + 26*n**2 - 85*n + 54. Give r(-29).
-4
Let y(f) = -f**3 + 7*f**2 + 108*f - 791. What is y(8)?
9
Let u(v) = -21*v**2 - 396*v - 1192. What is u(-3)?
-193
Let j(k) = -147*k - 37192. What is j(-253)?
-1
Let q(r) = -28*r + 2425. Determine q(87).
-11
Let u(g) = -g**3 + 81*g**2 - 156*g - 142. Give u(79).
16
Let p(k) = 44*k. Determine p(1).
44
Let w(l) = -l**3 + 25*l**2 + 63*l + 1. Calculate w(-3).
64
Let k(d) = 1561*d - 6269. Calculate k(4).
-25
Let u(x) = -x**2 - 112*x + 1775. Calculate u(-126).
11
Let n(q) = -4*q**3 + 430*q**2 - 218*q + 411. Give n(107).
-17
Let y(w) = -2217*w - 31041. What is y(-14)?
-3
Let k(r) = 2*r - 1. What is k(2)?
3
Let h(m) = 10*m**3 - 43*m**2 + 4*m + 36. Calculate h(4).
4
Let w(v) = -11*v**2 - 1871*v - 2029. What is w(-169)?
-1
Let w(i) = -i**2 - 39*i + 450. Calculate w(9).
18
Let f(p) = -11*p**2 + 193*p + 356. Give f(19).
52
Let h(i) = 171*i + 1050. Give h(-6).
24
Let z(r) = 748*r - 10480. Calculate z(14).
-8
Let p(r) = r**2 - 35*r + 199. Determine p(25).
-51
Let d(y) = 53*y - 1354. Give d(36).
554
Let k(z) = -1578*z - 7877. Determine k(-5).
13
Let f(n) = -24*n**2 - 863*n - 68. Give f(-36).
-104
Let n(g) = 7*g**3 - 23*g**2 + 73*g - 208. Give n(3).
-7
Let v(u) = 5*u + 617. What is v(-54)?
347
Let i(j) = -3434*j - 61810. Give i(-18).
2
Let m(p) = 27*p**2 - 8*p + 19. Give m(3).
238
Let t(r) = 2*r**3 + 20*r**2 - 7*r - 39. Give t(-10).
31
Let t(u) = 4*u + 121. Determine t(-29).
5
Let n(o) = -2*o - 12. What is n(-38)?
64
Let i(f) = 302*f - 490. Determine i(2).
114
Let b(g) = -g**3 + 38*g**2 - 67*g + 1203. Give b(37).
93
Let s(r) = -r**3 - 48*r**2 - 25*r - 1233. Give s(-48).
-33
Let z(k) = 4*k**2 - 9*k + 10. Calculate z(6).
100
Let r(s) = -s**2 - 171*s - 1166. Calculate r(-7).
-18
Let s(v) = 2*v**3 + 10*v**2 - 5*v - 5. What is s(-6)?
-47
Let j(i) = -i**3 - 73*i**2 - 144*i - 123. Give j(-71).
19
Let n(p) = 67*p + 70. What is n(0)?
70
Let d(n) = -134*n + 34. Give d(-1).
168
Let c(s) = -10*s**3 + s**2 + 6*s - 15. Give c(-3).
246
Let g(c) = -63*c + 66. What is g(0)?
66
Let m(g) = -g**2 - 100*g + 4547. Calculate m(33).
158
Let t(n) = 3*n**3 - 5*n**2 + 71*n - 368. Give t(5).
237
Let i(x) = 2*x**3 + x**2 - 3*x - 8. G